{"id":6652,"date":"2016-05-30T09:11:32","date_gmt":"2016-05-30T07:11:32","guid":{"rendered":"https:\/\/stiftung-umweltenergierecht.de\/wp-content\/uploads\/2016\/05\/europa_\u00a9_fotolia_16775741_tanja_bagusat.jpg"},"modified":"2025-08-19T12:16:24","modified_gmt":"2025-08-19T10:16:24","slug":"europakarte-2","status":"inherit","type":"attachment","link":"https:\/\/stiftung-umweltenergierecht.de\/en\/europakarte-2\/","title":{"rendered":"Europakarte"},"author":45,"featured_media":0,"comment_status":"open","ping_status":"closed","template":"","meta":{"_acf_changed":false},"class_list":["post-6652","attachment","type-attachment","status-inherit","hentry"],"acf":[],"yoast_head":"<!-- This site is optimized with the Yoast SEO plugin v27.5 - https:\/\/yoast.com\/product\/yoast-seo-wordpress\/ -->\n<title>Europakarte - Stiftung Umweltenergierecht<\/title>\n<meta name=\"robots\" content=\"index, follow, max-snippet:-1, max-image-preview:large, max-video-preview:-1\" \/>\n<link rel=\"canonical\" href=\"https:\/\/stiftung-umweltenergierecht.de\/wp-content\/uploads\/2016\/05\/europa_\u00a9_fotolia_16775741_tanja_bagusat.jpg\" \/>\n<meta property=\"og:locale\" content=\"en_US\" \/>\n<meta property=\"og:type\" content=\"article\" \/>\n<meta property=\"og:title\" content=\"Europakarte - Stiftung Umweltenergierecht\" \/>\n<meta property=\"og:url\" content=\"https:\/\/stiftung-umweltenergierecht.de\/wp-content\/uploads\/2016\/05\/europa_\u00a9_fotolia_16775741_tanja_bagusat.jpg\" \/>\n<meta property=\"og:site_name\" content=\"Stiftung Umweltenergierecht\" \/>\n<meta property=\"article:modified_time\" content=\"2025-08-19T10:16:24+00:00\" \/>\n<meta property=\"og:image\" content=\"https:\/\/stiftung-umweltenergierecht.de\/wp-content\/uploads\/2016\/05\/europa_\u00a9_fotolia_16775741_tanja_bagusat.jpg\" \/>\n\t<meta property=\"og:image:width\" content=\"2713\" \/>\n\t<meta property=\"og:image:height\" content=\"2454\" \/>\n\t<meta property=\"og:image:type\" content=\"image\/jpeg\" \/>\n<meta name=\"twitter:card\" content=\"summary_large_image\" \/>\n<script type=\"application\/ld+json\" class=\"yoast-schema-graph\">{\"@context\":\"https:\\\/\\\/schema.org\",\"@graph\":[{\"@type\":\"WebPage\",\"@id\":\"https:\\\/\\\/stiftung-umweltenergierecht.de\\\/wp-content\\\/uploads\\\/2016\\\/05\\\/europa_\u00a9_fotolia_16775741_tanja_bagusat.jpg\",\"url\":\"https:\\\/\\\/stiftung-umweltenergierecht.de\\\/wp-content\\\/uploads\\\/2016\\\/05\\\/europa_\u00a9_fotolia_16775741_tanja_bagusat.jpg\",\"name\":\"Europakarte - Stiftung Umweltenergierecht\",\"isPartOf\":{\"@id\":\"https:\\\/\\\/stiftung-umweltenergierecht.de\\\/#website\"},\"datePublished\":\"2016-05-30T07:11:32+00:00\",\"dateModified\":\"2025-08-19T10:16:24+00:00\",\"breadcrumb\":{\"@id\":\"https:\\\/\\\/stiftung-umweltenergierecht.de\\\/wp-content\\\/uploads\\\/2016\\\/05\\\/europa_\u00a9_fotolia_16775741_tanja_bagusat.jpg#breadcrumb\"},\"inLanguage\":\"en-US\",\"potentialAction\":[{\"@type\":\"ReadAction\",\"target\":[\"https:\\\/\\\/stiftung-umweltenergierecht.de\\\/wp-content\\\/uploads\\\/2016\\\/05\\\/europa_\u00a9_fotolia_16775741_tanja_bagusat.jpg\"]}]},{\"@type\":\"BreadcrumbList\",\"@id\":\"https:\\\/\\\/stiftung-umweltenergierecht.de\\\/wp-content\\\/uploads\\\/2016\\\/05\\\/europa_\u00a9_fotolia_16775741_tanja_bagusat.jpg#breadcrumb\",\"itemListElement\":[{\"@type\":\"ListItem\",\"position\":1,\"name\":\"Home\",\"item\":\"https:\\\/\\\/stiftung-umweltenergierecht.de\\\/en\\\/\"},{\"@type\":\"ListItem\",\"position\":2,\"name\":\"Europakarte\"}]},{\"@type\":\"WebSite\",\"@id\":\"https:\\\/\\\/stiftung-umweltenergierecht.de\\\/#website\",\"url\":\"https:\\\/\\\/stiftung-umweltenergierecht.de\\\/\",\"name\":\"Stiftung Umweltenergierecht\",\"description\":\"Eine weitere WordPress-Seite\",\"publisher\":{\"@id\":\"https:\\\/\\\/stiftung-umweltenergierecht.de\\\/#organization\"},\"potentialAction\":[{\"@type\":\"SearchAction\",\"target\":{\"@type\":\"EntryPoint\",\"urlTemplate\":\"https:\\\/\\\/stiftung-umweltenergierecht.de\\\/?s={search_term_string}\"},\"query-input\":{\"@type\":\"PropertyValueSpecification\",\"valueRequired\":true,\"valueName\":\"search_term_string\"}}],\"inLanguage\":\"en-US\"},{\"@type\":\"Organization\",\"@id\":\"https:\\\/\\\/stiftung-umweltenergierecht.de\\\/#organization\",\"name\":\"Stiftung Umweltenergierecht\",\"url\":\"https:\\\/\\\/stiftung-umweltenergierecht.de\\\/\",\"logo\":{\"@type\":\"ImageObject\",\"inLanguage\":\"en-US\",\"@id\":\"https:\\\/\\\/stiftung-umweltenergierecht.de\\\/#\\\/schema\\\/logo\\\/image\\\/\",\"url\":\"https:\\\/\\\/stiftung-umweltenergierecht.de\\\/wp-content\\\/uploads\\\/2016\\\/03\\\/logo-SUER_web.jpg\",\"contentUrl\":\"https:\\\/\\\/stiftung-umweltenergierecht.de\\\/wp-content\\\/uploads\\\/2016\\\/03\\\/logo-SUER_web.jpg\",\"width\":493,\"height\":53,\"caption\":\"Stiftung Umweltenergierecht\"},\"image\":{\"@id\":\"https:\\\/\\\/stiftung-umweltenergierecht.de\\\/#\\\/schema\\\/logo\\\/image\\\/\"}}]}<\/script>\n<!-- \/ Yoast SEO plugin. -->","yoast_head_json":{"title":"Europakarte - Stiftung Umweltenergierecht","robots":{"index":"index","follow":"follow","max-snippet":"max-snippet:-1","max-image-preview":"max-image-preview:large","max-video-preview":"max-video-preview:-1"},"canonical":"https:\/\/stiftung-umweltenergierecht.de\/wp-content\/uploads\/2016\/05\/europa_\u00a9_fotolia_16775741_tanja_bagusat.jpg","og_locale":"en_US","og_type":"article","og_title":"Europakarte - Stiftung Umweltenergierecht","og_url":"https:\/\/stiftung-umweltenergierecht.de\/wp-content\/uploads\/2016\/05\/europa_\u00a9_fotolia_16775741_tanja_bagusat.jpg","og_site_name":"Stiftung Umweltenergierecht","article_modified_time":"2025-08-19T10:16:24+00:00","og_image":[{"width":2713,"height":2454,"url":"https:\/\/stiftung-umweltenergierecht.de\/wp-content\/uploads\/2016\/05\/europa_\u00a9_fotolia_16775741_tanja_bagusat.jpg","type":"image\/jpeg"}],"twitter_card":"summary_large_image","schema":{"@context":"https:\/\/schema.org","@graph":[{"@type":"WebPage","@id":"https:\/\/stiftung-umweltenergierecht.de\/wp-content\/uploads\/2016\/05\/europa_\u00a9_fotolia_16775741_tanja_bagusat.jpg","url":"https:\/\/stiftung-umweltenergierecht.de\/wp-content\/uploads\/2016\/05\/europa_\u00a9_fotolia_16775741_tanja_bagusat.jpg","name":"Europakarte - Stiftung Umweltenergierecht","isPartOf":{"@id":"https:\/\/stiftung-umweltenergierecht.de\/#website"},"datePublished":"2016-05-30T07:11:32+00:00","dateModified":"2025-08-19T10:16:24+00:00","breadcrumb":{"@id":"https:\/\/stiftung-umweltenergierecht.de\/wp-content\/uploads\/2016\/05\/europa_\u00a9_fotolia_16775741_tanja_bagusat.jpg#breadcrumb"},"inLanguage":"en-US","potentialAction":[{"@type":"ReadAction","target":["https:\/\/stiftung-umweltenergierecht.de\/wp-content\/uploads\/2016\/05\/europa_\u00a9_fotolia_16775741_tanja_bagusat.jpg"]}]},{"@type":"BreadcrumbList","@id":"https:\/\/stiftung-umweltenergierecht.de\/wp-content\/uploads\/2016\/05\/europa_\u00a9_fotolia_16775741_tanja_bagusat.jpg#breadcrumb","itemListElement":[{"@type":"ListItem","position":1,"name":"Home","item":"https:\/\/stiftung-umweltenergierecht.de\/en\/"},{"@type":"ListItem","position":2,"name":"Europakarte"}]},{"@type":"WebSite","@id":"https:\/\/stiftung-umweltenergierecht.de\/#website","url":"https:\/\/stiftung-umweltenergierecht.de\/","name":"Stiftung Umweltenergierecht","description":"Eine weitere WordPress-Seite","publisher":{"@id":"https:\/\/stiftung-umweltenergierecht.de\/#organization"},"potentialAction":[{"@type":"SearchAction","target":{"@type":"EntryPoint","urlTemplate":"https:\/\/stiftung-umweltenergierecht.de\/?s={search_term_string}"},"query-input":{"@type":"PropertyValueSpecification","valueRequired":true,"valueName":"search_term_string"}}],"inLanguage":"en-US"},{"@type":"Organization","@id":"https:\/\/stiftung-umweltenergierecht.de\/#organization","name":"Stiftung Umweltenergierecht","url":"https:\/\/stiftung-umweltenergierecht.de\/","logo":{"@type":"ImageObject","inLanguage":"en-US","@id":"https:\/\/stiftung-umweltenergierecht.de\/#\/schema\/logo\/image\/","url":"https:\/\/stiftung-umweltenergierecht.de\/wp-content\/uploads\/2016\/03\/logo-SUER_web.jpg","contentUrl":"https:\/\/stiftung-umweltenergierecht.de\/wp-content\/uploads\/2016\/03\/logo-SUER_web.jpg","width":493,"height":53,"caption":"Stiftung Umweltenergierecht"},"image":{"@id":"https:\/\/stiftung-umweltenergierecht.de\/#\/schema\/logo\/image\/"}}]}},"description":{"rendered":"<p class=\"attachment\"><a href='https:\/\/stiftung-umweltenergierecht.de\/wp-content\/uploads\/2016\/05\/europa_\u00a9_fotolia_16775741_tanja_bagusat.jpg'><img loading=\"lazy\" decoding=\"async\" width=\"300\" height=\"271\" src=\"https:\/\/stiftung-umweltenergierecht.de\/wp-content\/uploads\/2016\/05\/europa_\u00a9_fotolia_16775741_tanja_bagusat-300x271.jpg\" class=\"attachment-medium size-medium\" alt=\"\" srcset=\"https:\/\/stiftung-umweltenergierecht.de\/wp-content\/uploads\/2016\/05\/europa_\u00a9_fotolia_16775741_tanja_bagusat-300x271.jpg 300w, https:\/\/stiftung-umweltenergierecht.de\/wp-content\/uploads\/2016\/05\/europa_\u00a9_fotolia_16775741_tanja_bagusat-768x695.jpg 768w, https:\/\/stiftung-umweltenergierecht.de\/wp-content\/uploads\/2016\/05\/europa_\u00a9_fotolia_16775741_tanja_bagusat-1024x926.jpg 1024w, https:\/\/stiftung-umweltenergierecht.de\/wp-content\/uploads\/2016\/05\/europa_\u00a9_fotolia_16775741_tanja_bagusat-160x145.jpg 160w, https:\/\/stiftung-umweltenergierecht.de\/wp-content\/uploads\/2016\/05\/europa_\u00a9_fotolia_16775741_tanja_bagusat-235x213.jpg 235w\" sizes=\"auto, (max-width: 300px) 100vw, 300px\" \/><\/a><\/p>\n"},"caption":{"rendered":""},"alt_text":"","media_type":"image","mime_type":"image\/jpeg","media_details":{"width":2713,"height":2454,"file":"2016\/05\/europa_\u00a9_fotolia_16775741_tanja_bagusat.jpg","sizes":{"thumbnail":{"file":"europa_\u00a9_fotolia_16775741_tanja_bagusat-150x150.jpg","width":150,"height":150,"mime_type":"image\/jpeg","source_url":"https:\/\/stiftung-umweltenergierecht.de\/wp-content\/uploads\/2016\/05\/europa_\u00a9_fotolia_16775741_tanja_bagusat-150x150.jpg"},"medium":{"file":"europa_\u00a9_fotolia_16775741_tanja_bagusat-300x271.jpg","width":300,"height":271,"mime_type":"image\/jpeg","source_url":"https:\/\/stiftung-umweltenergierecht.de\/wp-content\/uploads\/2016\/05\/europa_\u00a9_fotolia_16775741_tanja_bagusat-300x271.jpg"},"medium_large":{"file":"europa_\u00a9_fotolia_16775741_tanja_bagusat-768x695.jpg","width":768,"height":695,"mime_type":"image\/jpeg","source_url":"https:\/\/stiftung-umweltenergierecht.de\/wp-content\/uploads\/2016\/05\/europa_\u00a9_fotolia_16775741_tanja_bagusat-768x695.jpg"},"large":{"file":"europa_\u00a9_fotolia_16775741_tanja_bagusat-1024x926.jpg","width":1024,"height":926,"mime_type":"image\/jpeg","source_url":"https:\/\/stiftung-umweltenergierecht.de\/wp-content\/uploads\/2016\/05\/europa_\u00a9_fotolia_16775741_tanja_bagusat-1024x926.jpg"},"mitarbeiter-thumb":{"file":"europa_\u00a9_fotolia_16775741_tanja_bagusat-92x92.jpg","width":92,"height":92,"mime_type":"image\/jpeg","source_url":"https:\/\/stiftung-umweltenergierecht.de\/wp-content\/uploads\/2016\/05\/europa_\u00a9_fotolia_16775741_tanja_bagusat-92x92.jpg"},"partner-logo":{"file":"europa_\u00a9_fotolia_16775741_tanja_bagusat-160x145.jpg","width":160,"height":145,"mime_type":"image\/jpeg","source_url":"https:\/\/stiftung-umweltenergierecht.de\/wp-content\/uploads\/2016\/05\/europa_\u00a9_fotolia_16775741_tanja_bagusat-160x145.jpg"},"geburtstag-thumb":{"file":"europa_\u00a9_fotolia_16775741_tanja_bagusat-235x213.jpg","width":235,"height":213,"mime_type":"image\/jpeg","source_url":"https:\/\/stiftung-umweltenergierecht.de\/wp-content\/uploads\/2016\/05\/europa_\u00a9_fotolia_16775741_tanja_bagusat-235x213.jpg"},"full":{"file":"europa_\u00a9_fotolia_16775741_tanja_bagusat.jpg","width":2713,"height":2454,"mime_type":"image\/jpeg","source_url":"https:\/\/stiftung-umweltenergierecht.de\/wp-content\/uploads\/2016\/05\/europa_\u00a9_fotolia_16775741_tanja_bagusat.jpg"}},"image_meta":{"aperture":"3.7","credit":"Tanja Bagusat - Fotolia","camera":"FinePix S100FS","caption":"","created_timestamp":"1251873092","copyright":"Tanja Bagusat - Fotolia","focal_length":"21","iso":"100","shutter_speed":"0.00238095238095","title":"Europakarte","orientation":"1","keywords":["flagge","fahne","europafahne","europaflagge","europakarte","europa karte","europa","eu","europe","map","europ\u00e4ische gemeinschaft","karte","landkarte","l\u00e4nder","europ\u00e4ische union","mitgliedstaaten","belgien","deutschland","frankreich","italien","luxemburg","niederlande","irland","d\u00e4nemark","norwegen","griechenland","portugal","spanien","schweden","finnland","\u00f6sterreich","estland","lettland","litauen","polen","tschechien","slowenien","slowakei","ungarn","malta","zypern","rum\u00e4nien","bulgarien"]}},"post":null,"source_url":"https:\/\/stiftung-umweltenergierecht.de\/wp-content\/uploads\/2016\/05\/europa_\u00a9_fotolia_16775741_tanja_bagusat.jpg","_links":{"self":[{"href":"https:\/\/stiftung-umweltenergierecht.de\/en\/wp-json\/wp\/v2\/media\/6652","targetHints":{"allow":["GET"]}}],"collection":[{"href":"https:\/\/stiftung-umweltenergierecht.de\/en\/wp-json\/wp\/v2\/media"}],"about":[{"href":"https:\/\/stiftung-umweltenergierecht.de\/en\/wp-json\/wp\/v2\/types\/attachment"}],"author":[{"embeddable":true,"href":"https:\/\/stiftung-umweltenergierecht.de\/en\/wp-json\/wp\/v2\/users\/45"}],"replies":[{"embeddable":true,"href":"https:\/\/stiftung-umweltenergierecht.de\/en\/wp-json\/wp\/v2\/comments?post=6652"}]}}

europäische gemeinschaft

länder

europäische union

dänemark

österreich

rumänien
