{"id":50632,"date":"2023-04-25T09:34:13","date_gmt":"2023-04-25T07:34:13","guid":{"rendered":"https:\/\/stiftung-umweltenergierecht.de\/wp-content\/uploads\/2023\/04\/Fotolia_31933243-\u00a9-VRD_550px.jpg"},"modified":"2023-04-25T09:34:53","modified_gmt":"2023-04-25T07:34:53","slug":"windrad-und-solarzellen-2","status":"inherit","type":"attachment","link":"https:\/\/stiftung-umweltenergierecht.de\/en\/windrad-und-solarzellen-2\/","title":{"rendered":"Windrad und Solarzellen"},"author":45,"featured_media":0,"comment_status":"open","ping_status":"closed","template":"","meta":{"_acf_changed":false},"class_list":["post-50632","attachment","type-attachment","status-inherit","hentry"],"acf":[],"yoast_head":"<!-- This site is optimized with the Yoast SEO plugin v27.5 - https:\/\/yoast.com\/product\/yoast-seo-wordpress\/ -->\n<title>Windrad und Solarzellen - Stiftung Umweltenergierecht<\/title>\n<meta name=\"robots\" content=\"index, follow, max-snippet:-1, max-image-preview:large, max-video-preview:-1\" \/>\n<link rel=\"canonical\" href=\"https:\/\/stiftung-umweltenergierecht.de\/wp-content\/uploads\/2023\/04\/Fotolia_31933243-\u00a9-VRD_550px.jpg\" \/>\n<meta property=\"og:locale\" content=\"en_US\" \/>\n<meta property=\"og:type\" content=\"article\" \/>\n<meta property=\"og:title\" content=\"Windrad und Solarzellen - Stiftung Umweltenergierecht\" \/>\n<meta property=\"og:url\" content=\"https:\/\/stiftung-umweltenergierecht.de\/wp-content\/uploads\/2023\/04\/Fotolia_31933243-\u00a9-VRD_550px.jpg\" \/>\n<meta property=\"og:site_name\" content=\"Stiftung Umweltenergierecht\" \/>\n<meta property=\"article:modified_time\" content=\"2023-04-25T07:34:53+00:00\" \/>\n<meta property=\"og:image\" content=\"https:\/\/stiftung-umweltenergierecht.de\/wp-content\/uploads\/2023\/04\/Fotolia_31933243-\u00a9-VRD_550px.jpg\" \/>\n\t<meta property=\"og:image:width\" content=\"550\" \/>\n\t<meta property=\"og:image:height\" content=\"365\" \/>\n\t<meta property=\"og:image:type\" content=\"image\/jpeg\" \/>\n<meta name=\"twitter:card\" content=\"summary_large_image\" \/>\n<script type=\"application\/ld+json\" class=\"yoast-schema-graph\">{\"@context\":\"https:\\\/\\\/schema.org\",\"@graph\":[{\"@type\":\"WebPage\",\"@id\":\"https:\\\/\\\/stiftung-umweltenergierecht.de\\\/wp-content\\\/uploads\\\/2023\\\/04\\\/Fotolia_31933243-\u00a9-VRD_550px.jpg\",\"url\":\"https:\\\/\\\/stiftung-umweltenergierecht.de\\\/wp-content\\\/uploads\\\/2023\\\/04\\\/Fotolia_31933243-\u00a9-VRD_550px.jpg\",\"name\":\"Windrad und Solarzellen - Stiftung Umweltenergierecht\",\"isPartOf\":{\"@id\":\"https:\\\/\\\/stiftung-umweltenergierecht.de\\\/#website\"},\"datePublished\":\"2023-04-25T07:34:13+00:00\",\"dateModified\":\"2023-04-25T07:34:53+00:00\",\"breadcrumb\":{\"@id\":\"https:\\\/\\\/stiftung-umweltenergierecht.de\\\/wp-content\\\/uploads\\\/2023\\\/04\\\/Fotolia_31933243-\u00a9-VRD_550px.jpg#breadcrumb\"},\"inLanguage\":\"en-US\",\"potentialAction\":[{\"@type\":\"ReadAction\",\"target\":[\"https:\\\/\\\/stiftung-umweltenergierecht.de\\\/wp-content\\\/uploads\\\/2023\\\/04\\\/Fotolia_31933243-\u00a9-VRD_550px.jpg\"]}]},{\"@type\":\"BreadcrumbList\",\"@id\":\"https:\\\/\\\/stiftung-umweltenergierecht.de\\\/wp-content\\\/uploads\\\/2023\\\/04\\\/Fotolia_31933243-\u00a9-VRD_550px.jpg#breadcrumb\",\"itemListElement\":[{\"@type\":\"ListItem\",\"position\":1,\"name\":\"Home\",\"item\":\"https:\\\/\\\/stiftung-umweltenergierecht.de\\\/en\\\/\"},{\"@type\":\"ListItem\",\"position\":2,\"name\":\"Windrad und Solarzellen\"}]},{\"@type\":\"WebSite\",\"@id\":\"https:\\\/\\\/stiftung-umweltenergierecht.de\\\/#website\",\"url\":\"https:\\\/\\\/stiftung-umweltenergierecht.de\\\/\",\"name\":\"Stiftung Umweltenergierecht\",\"description\":\"Eine weitere WordPress-Seite\",\"publisher\":{\"@id\":\"https:\\\/\\\/stiftung-umweltenergierecht.de\\\/#organization\"},\"potentialAction\":[{\"@type\":\"SearchAction\",\"target\":{\"@type\":\"EntryPoint\",\"urlTemplate\":\"https:\\\/\\\/stiftung-umweltenergierecht.de\\\/?s={search_term_string}\"},\"query-input\":{\"@type\":\"PropertyValueSpecification\",\"valueRequired\":true,\"valueName\":\"search_term_string\"}}],\"inLanguage\":\"en-US\"},{\"@type\":\"Organization\",\"@id\":\"https:\\\/\\\/stiftung-umweltenergierecht.de\\\/#organization\",\"name\":\"Stiftung Umweltenergierecht\",\"url\":\"https:\\\/\\\/stiftung-umweltenergierecht.de\\\/\",\"logo\":{\"@type\":\"ImageObject\",\"inLanguage\":\"en-US\",\"@id\":\"https:\\\/\\\/stiftung-umweltenergierecht.de\\\/#\\\/schema\\\/logo\\\/image\\\/\",\"url\":\"https:\\\/\\\/stiftung-umweltenergierecht.de\\\/wp-content\\\/uploads\\\/2016\\\/03\\\/logo-SUER_web.jpg\",\"contentUrl\":\"https:\\\/\\\/stiftung-umweltenergierecht.de\\\/wp-content\\\/uploads\\\/2016\\\/03\\\/logo-SUER_web.jpg\",\"width\":493,\"height\":53,\"caption\":\"Stiftung Umweltenergierecht\"},\"image\":{\"@id\":\"https:\\\/\\\/stiftung-umweltenergierecht.de\\\/#\\\/schema\\\/logo\\\/image\\\/\"}}]}<\/script>\n<!-- \/ Yoast SEO plugin. -->","yoast_head_json":{"title":"Windrad und Solarzellen - Stiftung Umweltenergierecht","robots":{"index":"index","follow":"follow","max-snippet":"max-snippet:-1","max-image-preview":"max-image-preview:large","max-video-preview":"max-video-preview:-1"},"canonical":"https:\/\/stiftung-umweltenergierecht.de\/wp-content\/uploads\/2023\/04\/Fotolia_31933243-\u00a9-VRD_550px.jpg","og_locale":"en_US","og_type":"article","og_title":"Windrad und Solarzellen - Stiftung Umweltenergierecht","og_url":"https:\/\/stiftung-umweltenergierecht.de\/wp-content\/uploads\/2023\/04\/Fotolia_31933243-\u00a9-VRD_550px.jpg","og_site_name":"Stiftung Umweltenergierecht","article_modified_time":"2023-04-25T07:34:53+00:00","og_image":[{"width":550,"height":365,"url":"https:\/\/stiftung-umweltenergierecht.de\/wp-content\/uploads\/2023\/04\/Fotolia_31933243-\u00a9-VRD_550px.jpg","type":"image\/jpeg"}],"twitter_card":"summary_large_image","schema":{"@context":"https:\/\/schema.org","@graph":[{"@type":"WebPage","@id":"https:\/\/stiftung-umweltenergierecht.de\/wp-content\/uploads\/2023\/04\/Fotolia_31933243-\u00a9-VRD_550px.jpg","url":"https:\/\/stiftung-umweltenergierecht.de\/wp-content\/uploads\/2023\/04\/Fotolia_31933243-\u00a9-VRD_550px.jpg","name":"Windrad und Solarzellen - Stiftung Umweltenergierecht","isPartOf":{"@id":"https:\/\/stiftung-umweltenergierecht.de\/#website"},"datePublished":"2023-04-25T07:34:13+00:00","dateModified":"2023-04-25T07:34:53+00:00","breadcrumb":{"@id":"https:\/\/stiftung-umweltenergierecht.de\/wp-content\/uploads\/2023\/04\/Fotolia_31933243-\u00a9-VRD_550px.jpg#breadcrumb"},"inLanguage":"en-US","potentialAction":[{"@type":"ReadAction","target":["https:\/\/stiftung-umweltenergierecht.de\/wp-content\/uploads\/2023\/04\/Fotolia_31933243-\u00a9-VRD_550px.jpg"]}]},{"@type":"BreadcrumbList","@id":"https:\/\/stiftung-umweltenergierecht.de\/wp-content\/uploads\/2023\/04\/Fotolia_31933243-\u00a9-VRD_550px.jpg#breadcrumb","itemListElement":[{"@type":"ListItem","position":1,"name":"Home","item":"https:\/\/stiftung-umweltenergierecht.de\/en\/"},{"@type":"ListItem","position":2,"name":"Windrad und Solarzellen"}]},{"@type":"WebSite","@id":"https:\/\/stiftung-umweltenergierecht.de\/#website","url":"https:\/\/stiftung-umweltenergierecht.de\/","name":"Stiftung Umweltenergierecht","description":"Eine weitere WordPress-Seite","publisher":{"@id":"https:\/\/stiftung-umweltenergierecht.de\/#organization"},"potentialAction":[{"@type":"SearchAction","target":{"@type":"EntryPoint","urlTemplate":"https:\/\/stiftung-umweltenergierecht.de\/?s={search_term_string}"},"query-input":{"@type":"PropertyValueSpecification","valueRequired":true,"valueName":"search_term_string"}}],"inLanguage":"en-US"},{"@type":"Organization","@id":"https:\/\/stiftung-umweltenergierecht.de\/#organization","name":"Stiftung Umweltenergierecht","url":"https:\/\/stiftung-umweltenergierecht.de\/","logo":{"@type":"ImageObject","inLanguage":"en-US","@id":"https:\/\/stiftung-umweltenergierecht.de\/#\/schema\/logo\/image\/","url":"https:\/\/stiftung-umweltenergierecht.de\/wp-content\/uploads\/2016\/03\/logo-SUER_web.jpg","contentUrl":"https:\/\/stiftung-umweltenergierecht.de\/wp-content\/uploads\/2016\/03\/logo-SUER_web.jpg","width":493,"height":53,"caption":"Stiftung Umweltenergierecht"},"image":{"@id":"https:\/\/stiftung-umweltenergierecht.de\/#\/schema\/logo\/image\/"}}]}},"description":{"rendered":"<p class=\"attachment\"><a href='https:\/\/stiftung-umweltenergierecht.de\/wp-content\/uploads\/2023\/04\/Fotolia_31933243-\u00a9-VRD_550px.jpg'><img loading=\"lazy\" decoding=\"async\" width=\"300\" height=\"199\" src=\"https:\/\/stiftung-umweltenergierecht.de\/wp-content\/uploads\/2023\/04\/Fotolia_31933243-\u00a9-VRD_550px-300x199.jpg\" class=\"attachment-medium size-medium\" alt=\"\" srcset=\"https:\/\/stiftung-umweltenergierecht.de\/wp-content\/uploads\/2023\/04\/Fotolia_31933243-\u00a9-VRD_550px-300x199.jpg 300w, https:\/\/stiftung-umweltenergierecht.de\/wp-content\/uploads\/2023\/04\/Fotolia_31933243-\u00a9-VRD_550px-160x106.jpg 160w, https:\/\/stiftung-umweltenergierecht.de\/wp-content\/uploads\/2023\/04\/Fotolia_31933243-\u00a9-VRD_550px-235x156.jpg 235w, https:\/\/stiftung-umweltenergierecht.de\/wp-content\/uploads\/2023\/04\/Fotolia_31933243-\u00a9-VRD_550px.jpg 550w\" sizes=\"auto, (max-width: 300px) 100vw, 300px\" \/><\/a><\/p>\n"},"caption":{"rendered":""},"alt_text":"","media_type":"image","mime_type":"image\/jpeg","media_details":{"width":550,"height":365,"file":"2023\/04\/Fotolia_31933243-\u00a9-VRD_550px.jpg","filesize":175035,"sizes":{"medium":{"file":"Fotolia_31933243-\u00a9-VRD_550px-300x199.jpg","width":300,"height":199,"filesize":27153,"mime_type":"image\/jpeg","source_url":"https:\/\/stiftung-umweltenergierecht.de\/wp-content\/uploads\/2023\/04\/Fotolia_31933243-\u00a9-VRD_550px-300x199.jpg"},"thumbnail":{"file":"Fotolia_31933243-\u00a9-VRD_550px-150x150.jpg","width":150,"height":150,"filesize":20704,"mime_type":"image\/jpeg","source_url":"https:\/\/stiftung-umweltenergierecht.de\/wp-content\/uploads\/2023\/04\/Fotolia_31933243-\u00a9-VRD_550px-150x150.jpg"},"mitarbeiter-thumb":{"file":"Fotolia_31933243-\u00a9-VRD_550px-92x92.jpg","width":92,"height":92,"filesize":18131,"mime_type":"image\/jpeg","source_url":"https:\/\/stiftung-umweltenergierecht.de\/wp-content\/uploads\/2023\/04\/Fotolia_31933243-\u00a9-VRD_550px-92x92.jpg"},"partner-logo":{"file":"Fotolia_31933243-\u00a9-VRD_550px-160x106.jpg","width":160,"height":106,"filesize":19926,"mime_type":"image\/jpeg","source_url":"https:\/\/stiftung-umweltenergierecht.de\/wp-content\/uploads\/2023\/04\/Fotolia_31933243-\u00a9-VRD_550px-160x106.jpg"},"geburtstag-thumb":{"file":"Fotolia_31933243-\u00a9-VRD_550px-235x156.jpg","width":235,"height":156,"filesize":23367,"mime_type":"image\/jpeg","source_url":"https:\/\/stiftung-umweltenergierecht.de\/wp-content\/uploads\/2023\/04\/Fotolia_31933243-\u00a9-VRD_550px-235x156.jpg"},"full":{"file":"Fotolia_31933243-\u00a9-VRD_550px.jpg","width":550,"height":365,"mime_type":"image\/jpeg","source_url":"https:\/\/stiftung-umweltenergierecht.de\/wp-content\/uploads\/2023\/04\/Fotolia_31933243-\u00a9-VRD_550px.jpg"}},"image_meta":{"aperture":"7.1","credit":"VRD - Fotolia","camera":"NIKON D5000","caption":"","created_timestamp":"1302875077","copyright":"VRD - Fotolia","focal_length":"18","iso":"200","shutter_speed":"0.005","title":"Windrad und Solarzellen","orientation":"1","keywords":["windrad","windkraft","sonnenenergie","solarzellen","solar","erneuerbar","solarenergie","solaranlage","solarpark","solarzelle","alternative","energiewende","atomausstieg","energie","energieversorgung","photovoltaik","umwelt","solartechnik","sonne","strom","subventionen","zukunft","wiese","blumen","gr\u00fcn","\u00f6kostrom","elektrizit\u00e4t","energieerzeugung","energiequelle","erneuerbare","kraftwerk","regenerativ","regenerative","ressource","stromerzeugung","umweltfreundlich","\u00f6kologie","\u00f6kologisch","symbol","\u00f6ko","energien","business","solarfeld","umweltschutz","nachhaltigkeit","windr\u00e4der","windenergie","wind","windkraftanlage","windpark"]}},"post":null,"source_url":"https:\/\/stiftung-umweltenergierecht.de\/wp-content\/uploads\/2023\/04\/Fotolia_31933243-\u00a9-VRD_550px.jpg","_links":{"self":[{"href":"https:\/\/stiftung-umweltenergierecht.de\/en\/wp-json\/wp\/v2\/media\/50632","targetHints":{"allow":["GET"]}}],"collection":[{"href":"https:\/\/stiftung-umweltenergierecht.de\/en\/wp-json\/wp\/v2\/media"}],"about":[{"href":"https:\/\/stiftung-umweltenergierecht.de\/en\/wp-json\/wp\/v2\/types\/attachment"}],"author":[{"embeddable":true,"href":"https:\/\/stiftung-umweltenergierecht.de\/en\/wp-json\/wp\/v2\/users\/45"}],"replies":[{"embeddable":true,"href":"https:\/\/stiftung-umweltenergierecht.de\/en\/wp-json\/wp\/v2\/comments?post=50632"}]}}

grün

ökostrom

elektrizität

ökologie

ökologisch

öko

windräder
